 = -5*x**3 + 2*x**2 + x - 1. Let q = -25 + 23. What is the units digit of n(q)?
5
Let s = -36 + 52. What is the tens digit of (5 + s)/(1/6)?
2
Let l(u) = -u**3 + 24*u**2 - 46*u + 38. Let v be l(22). Suppose 5*g - 8 - 27 = 0. Let r = v + g. What is the units digit of r?
1
Suppose -4 = -11*c + 51. Suppose 58 = -c*x + 383. What is the units digit of x?
5
Let p = -10 + 8. Let s = 18 - p. What is the units digit of ((-16)/s)/(2/(-5))?
2
Let s(q) = -14*q - 49. Let o be s(13). Let k = 362 + o. What is the tens digit of k?
3
Let a(b) = -b + 10. Let u be (-4)/12 - 16/(-3). Let i(z) = z**3 - 5*z**2 + 2*z - 4. Let h be i(u). What is the units digit of a(h)?
4
Let w = 33 - 33. Suppose -v - 3 - 3 = -p, w = p + v - 14. What is the units digit of p?
0
Suppose 0 = -u - 46 + 48. Suppose -u*d = -4*d + 234. What is the hundreds digit of d?
1
Let z(q) = q**2 - 21*q - 30. What is the hundreds digit of z(-16)?
5
Let b(z) = -2*z**3 + 35*z**2 + 5*z - 68. What is the thousands digit of b(14)?
1
Let y(r) = 2*r**3 - 6*r**2 + 19*r + 10. What is the hundreds digit of y(7)?
5
Let s(b) = 6*b - 16. Let r be s(8). Let w = r - 33. What is the tens digit of ((-10)/w)/(-5) - -49?
4
Let w(i) = -i**3 + 14*i**2 - 14*i + 16. Let k be w(11). Suppose 2*y = 5*q + 4*y - k, -225 = -5*q + y. What is the tens digit of q?
4
Suppose -s = -2 - 2. Suppose -2*p - 40 - 308 = -s*g, -g = -3*p - 97. What is the tens digit of g?
8
Suppose 6*g - 43 = 227. Suppose 0 = -4*x + 363 + g. What is the hundreds digit of x?
1
What is the tens digit of (-219)/(-2)*1034/141?
0
Let d(k) be the first derivative of -k**4/4 - 2*k**3 + 3*k**2 - 8*k + 3. What is the units digit of d(-9)?
1
Suppose -a - 72 - 104 = -4*y, -4*y - 5*a = -152. What is the units digit of y?
3
Let y = 27 + -28. What is the tens digit of -12*16/12*y?
1
Suppose 3*o + 2*j = -4 - 35, 2*o - 5*j = -7. Let w = -9 - o. Suppose -c - w*c + 3 = 0. What is the units digit of c?
1
Let v = -629 - -1309. What is the tens digit of v?
8
What is the units digit of (246 - 1 - -2) + 0?
7
Suppose 0 = -5*s - 5*l + 30, -4*l + 6 = -0*s + s. Suppose 44 = -s*u + 1274. Let a = -135 + u. What is the tens digit of a?
7
Let t = 1388 + -679. What is the units digit of t?
9
Suppose 0*n - 3*n = 12. Let l(q) = -30*q - 12. Let o be l(n). Suppose -19*v = -15*v - o. What is the tens digit of v?
2
Suppose -4*a + 0*a - 56 = 0. Let p be a + (-1)/(-2 - -1). Let v = -10 - p. What is the units digit of v?
3
Let x(h) = 2*h**2 - 48*h + 69. What is the tens digit of x(24)?
6
Suppose 72*m = 59*m + 4654. What is the hundreds digit of m?
3
Suppose -2*i + 128 - 44 = 0. Let m = 20 - i. Let u = -20 - m. What is the units digit of u?
2
Suppose 0 = 4*w - 6*w. Suppose w*b + 2 = b. Suppose -a - a + 22 = -3*t, -b*a + 38 = t. What is the units digit of a?
7
Suppose 272 = -7*l + 1182. Suppose 0 = -17*f + 12*f + l. What is the tens digit of f?
2
Let h = 9 - 5. Suppose 0*c + 580 = h*c. Suppose 4*m + m - c = 0. What is the units digit of m?
9
Suppose -51 = 3*u + 4*b, u + 3*b = 3*u + 51. Suppose 4*t - 162 = t. Let z = t + u. What is the units digit of z?
3
Suppose -h = -4*i + 2 + 5, 0 = h + 3. Let r = i + 1. What is the tens digit of r/(3/24 - 0)?
1
Let l(q) be the first derivative of -14*q**2 - 37*q - 7. What is the units digit of l(-8)?
7
Let z(l) = -l**3 + 24*l**2 - 8*l + 5. What is the hundreds digit of z(23)?
3
Let y(g) = 5*g**2 - 2*g - 425. What is the units digit of y(-31)?
2
Let b(g) = -g + 15. Let d be b(12). Suppose -2*p - 3*w + 4*w + 52 = 0, 2*w + 79 = d*p. Let v = p - 14. What is the tens digit of v?
1
Let q = -984 - -1641. What is the tens digit of q?
5
Suppose 4*r - 2*x - 30 = 0, 5*r - 2*x = -3*x + 34. Let a(l) = -l - 2. Let j(f) = 2*f + 4. Let w(u) = -7*a(u) - 3*j(u). What is the units digit of w(r)?
9
Suppose 0 = r - 2*x - 12, 2*r - 11 = 4*r + 3*x. Suppose r*u + p - 307 = 4*p, 2*u + p - 303 = 0. What is the tens digit of u?
5
Suppose 0 = -5*v + 24 + 96. Let x be 420/(-26) - -1 - (-52)/338. What is the units digit of (-348)/x - v/(-30)?
4
What is the hundreds digit of (80/160)/(1/1578)?
7
Suppose 0 = 3*h + o + 3 - 13, 2*o = -2*h + 4. Suppose -3 = -m, 3*k + m + h*m = 27. Suppose -d + 13 = -k. What is the units digit of d?
7
Suppose 4*u = 4*t - 2732, 2*t - 2738 = -2*t - 2*u. What is the hundreds digit of t?
6
Let b be -7 + 7 + (-1 - -1 - -123). What is the tens digit of (b/(-9))/((-4)/60)?
0
Suppose -2*h + 5*o + 145 = 3*h, -130 = -5*h + 2*o. Let t be (-69)/2*16/h. Let r = 33 - t. What is the units digit of r?
6
Let y = 541 - 339. What is the tens digit of y?
0
Suppose 0 = 4*o - 8, 88*q + o = 92*q - 1926. What is the hundreds digit of q?
4
What is the hundreds digit of 0 - ((-14534)/12 - (-9)/54)?
2
What is the units digit of (50/(-3))/((50/5)/(-510))?
0
Let r(o) be the second derivative of o**7/280 + o**6/720 - o**4/12 + 2*o. Let f(j) be the third derivative of r(j). What is the units digit of f(-1)?
8
What is the thousands digit of 7714/12*3 - 1/2?
1
Suppose -5*q + 156 = q. Suppose 3*d - q = -b, b - 1 = 1. Let g(a) = 2*a**2 - 10*a - 11. What is the units digit of g(d)?
7
Suppose -2*m + 8 + 8 = 4*k, 5*m + 4*k - 16 = 0. Suppose -r - h + 3*h + 41 = m, -4*h = 2*r - 114. What is the tens digit of r?
4
What is the thousands digit of 748/(4/(-5)*(-1)/2)?
1
Let q(j) = j**3 + 5*j**2 - 2*j - 7. Let r be q(-5). Suppose 0 = 3*i - 0*i + 9, 3*i - 45 = -r*a. Let h = 29 - a. What is the tens digit of h?
1
What is the hundreds digit of 4148/8 + (-12)/(-8)?
5
Let t(n) = -n**3 - 9*n**2 + 10*n + 10. Let y be t(-10). Suppose 0 = y*h - 9*h - 153. What is the tens digit of h?
5
Suppose 0*j = 9*j - 7713. What is the hundreds digit of j?
8
Let n be (1 + (-4)/2)*36. Let z be (-1468)/n + 4/18. Let h = 58 - z. What is the tens digit of h?
1
Let w(k) = 107*k**2 + 2*k. Let s be w(2). Suppose m = 4*p - 3*m - s, 2 = m. Suppose t + t = p. What is the units digit of t?
5
Let q = 11 - 6. Suppose 4*c + 27 = -n, -3*c - 13 = q*n + 3. What is the units digit of (-9)/c - 4/14?
1
Let g(r) = 3*r**2 + r + 1. Let k be -2*2/(-4) + -2. Let t be g(k). Let l(x) = 2*x**3 - 4*x**2 + 3*x + 4. What is the tens digit of l(t)?
3
What is the tens digit of -45*(3 + -2 - (-303)/(-15))?
6
Suppose 3*a - 12*a = -567. Let p = a + -12. What is the units digit of p?
1
What is the hundreds digit of ((-3991)/26)/(-3 + (-51)/(-18))?
9
Let x = -63 - -67. Suppose 28 = x*y - 216. What is the units digit of y?
1
Let b = -9 + 12. Suppose -b*u - 5 = 2*u. What is the tens digit of u*(-1 - -3 - 23)?
2
Let f = 587 - 161. What is the tens digit of f?
2
Suppose -5*y + 270 + 20 = 0. Let v = -11 - -13. Suppose -5*s = -v*a - y - 42, 0 = 5*a. What is the units digit of s?
0
Suppose 3*b - 328 = -3*h + 5, -4*h + 468 = -2*b. Let n = -54 + h. What is the tens digit of n?
6
Let v(f) = -2*f - 6. Let m = 1 - 0. Suppose -4*j - 17 = -m. What is the units digit of v(j)?
2
Let u(v) = -97*v - 413. What is the thousands digit of u(-15)?
1
Let w = 29 + -15. Let o be 132/14 - (-8)/w. What is the tens digit of (28/(-5))/((-2)/o)?
2
Suppose -3*q - 192 = 4*t, -4*t + 9*t = 4*q + 287. Let v = q - -189. What is the tens digit of v?
2
Suppose 471*o - 472*o + 290 = 0. What is the tens digit of o?
9
Let t be 6/(-33) - (-13635)/33. Suppose -3*m + t = -v, -8 = 2*v + 2. What is the hundreds digit of m?
1
Suppose 3*m + r - 1106 = 0, 2*m - 3*r - 352 = m. What is the hundreds digit of m?
3
Let n(v) = -14 + v**3 + 61 - 2*v**3. What is the tens digit of n(0)?
4
Let v be (-1)/8 - (-1)/8. Suppose v = -a + 2, -4*p + 5*a + 205 = 39. What is the tens digit of p?
4
Suppose -6*x - 2108 = -7*x - 5*h, 4156 = 2*x - 5*h. What is the tens digit of x?
8
Let f be -4 - -6 - 0/(-1). Suppose -1 - 7 = -f*g. Suppose 135 = g*j + 47. What is the tens digit of j?
2
Let d(n) be the third derivative of 0 + 0*n**3 + 2*n**2 - 7/24*n**4 + 0*n. What is the tens digit of d(-2)?
1
Let c be (-12 - (-2 + 3))*1. Let d = c - -4. Let b = 31 - d. What is the units digit of b?
0
Let z = 1030 + -372. Let i = 923 - z. What is the tens digit of i?
6
Let k = 6200 + -3614. What is the thousands digit of k?
2
Let p = -716 - -1262. What is the hundreds digit of p?
5
Let z be (-12)/(0 - 4) - 114. Let b = -79 - z. What is the tens digit of b?
3
Suppose d = 10 + 254. Suppose 4*w = -4*t + d, -4*w - 5*t = -2*t - 263. What is the units digit of